= 5606*d + 28062. Determine b(-5).
32
Let j(i) = i**3 - 12*i**2 + 25*i - 6. Calculate j(9).
-24
Let j(b) = 5*b**2 - 12*b - 126. Determine j(6).
-18
Let k(q) = -23*q**2 + 7*q - 2. What is k(3)?
-188
Let t(w) = -15*w + 41. What is t(3)?
-4
Let x(j) = -7*j + 218. Calculate x(33).
-13
Let g(v) = 115*v - 502. Calculate g(5).
73
Let j(v) = -v**3 - 10*v**2 - 19*v - 27. Determine j(-8).
-3
Let w(l) = -42*l**2 + 1385*l + 25. Give w(33).
-8
Let c(n) = 2*n**3 - 6*n**2 + 2*n - 12. Determine c(0).
-12
Let j(f) = -357*f - 2852. Determine j(-8).
4
Let d(q) = 7*q**3 - 133*q**2 - q - 40. Give d(19).
-59
Let t(i) = -4*i**3 + 28*i**2 + 105*i - 3. Determine t(-3).
42
Let u(s) = -s**3 - 133*s**2 + 4134*s + 1. What is u(26)?
1
Let b(f) = f**3 + 20*f**2 - 50. Determine b(-20).
-50
Let i(x) = -x**3 - 58*x**2 - 112*x + 4. Give i(-2).
4
Let a(y) = -11*y**2 - 257*y - 1020. Give a(-4).
-168
Let s(w) = 34*w**2 + 152*w. Calculate s(-4).
-64
Let i(h) = h**3 + 26*h**2 - 176*h + 94. Calculate i(5).
-11
Let b(k) = k**2 + 41*k - 2091. Determine b(28).
-159
Let o(j) = -7*j**2 - 24*j + 10. Determine o(-3).
19
Let q(s) = -s**3 - 9*s**2 - 2*s + 5. Give q(-5).
-85
Let m(q) = -q**3 - 90*q**2 + 97*q + 531. Give m(-91).
-15
Let z(y) = y**3 - 20*y**2 + 17*y + 23. Determine z(19).
-15
Let r(f) = f**3 + 24*f**2 - 61*f - 235. What is r(-26)?
-1
Let s(v) = v**3 - 11*v**2 - 17*v - 119. Calculate s(13).
-2
Let a(k) = -70*k + 15. What is a(-1)?
85
Let c(a) = -a - 120. Determine c(20).
-140
Let m(g) = -g**3 - 9*g**2 + 14*g - 68. What is m(-11)?
20
Let r(s) = s**3 + 175*s**2 + 600*s + 136575. What is r(-176)?
-1
Let i(v) = -77*v - 293. Give i(-4).
15
Let w(n) = 77*n + 4766. What is w(-62)?
-8
Let v(l) = 25*l - 54. Determine v(6).
96
Let y(x) = 10*x + 552. Give y(-55).
2
Let f(y) = -4*y**3 - 43*y**2 + 20*y + 77. Determine f(-11).
-22
Let t(u) = -10*u**2 - 87*u + 9. Determine t(-9).
-18
Let o(f) = f**3 - 25*f**2 + 147*f + 37. Calculate o(15).
-8
Let g(j) = -132*j + 40. What is g(2)?
-224
Let s(u) = u**2 + 91*u - 2345. Determine s(21).
7
Let n(l) = -5642*l + 101556. What is n(18)?
0
Let h(l) = -2*l**2 + 11*l + 507. Calculate h(24).
-381
Let f(j) = 21*j + 36. Calculate f(5).
141
Let c(t) = -43*t**2 - 257*t - 5. Give c(-6).
-11
Let h(p) = -p**3 - p**2 + 21*p - 14. What is h(-5)?
-19
Let q(k) = -k**3 - 9*k**2 - 117*k - 68. What is q(0)?
-68
Let b(g) = g**2 - 35*g + 141. Determine b(4).
17
Let u(s) = -209*s**2 + 5*s - 4. Calculate u(1).
-208
Let h(k) = -1170*k - 8164. Give h(-7).
26
Let h(f) = -1239*f - 6132. What is h(-5)?
63
Let q(i) = 3*i**3 + 5*i**2 + 8*i + 2. What is q(-1)?
-4
Let p(r) = 17*r**3 - 3*r**2 + r + 4. Calculate p(2).
130
Let j(y) = -1704*y - 5118. Calculate j(-3).
-6
Let r(k) = -k**3 + 3*k**2 + 53*k - 22. Determine r(9).
-31
Let d(i) = -33*i - 1739. Calculate d(-47).
-188
Let d(v) = 25*v - 1349. Give d(64).
251
Let x(c) = -7*c**2 - 8*c - 12. Give x(-5).
-147
Let x(d) = 171*d - 24126. Determine x(141).
-15
Let x(l) = 5*l**3 + 3*l**2 - 26*l - 29. Give x(-1).
-5
Let l(m) = 4*m - 206. Give l(46).
-22
Let c(o) = -o**3 + 43*o**2 + 10*o - 465. What is c(43)?
-35
Let b(p) = p**3 + 22*p**2 + 113*p - 16. What is b(-10)?
54
Let s(c) = -c**3 + 130*c**2 - 622*c - 374. Calculate s(125).
1
Let q(g) = -g**3 + 6*g**2 + 7*g - 3. Calculate q(5).
57
Let y(s) = -2*s**3 - 7*s**2 - 471*s - 2432. Determine y(-5).
-2
Let p(h) = 5*h**2 - h + 26. Give p(7).
264
Let v(p) = -57*p + 274. Give v(5).
-11
Let p(u) = 20*u + 149. Determine p(-7).
9
Let z(b) = -192*b + 763. Calculate z(4).
-5
Let j(q) = -q**3 + 11*q**2 - 7*q + 72. Calculate j(12).
-156
Let m(s) = -102*s**2 - 206*s + 5. Give m(-2).
9
Let p(n) = -n**2 + 119*n - 343. What is p(116)?
5
Let z(i) = i**3 - 72*i**2 + 77*i - 420. Give z(71).
6
Let i(z) = 75*z + 1022. What is i(-13)?
47
Let c(u) = 4*u**3 + 475*u**2 - 117*u + 209. What is c(-119)?
-29
Let f(o) = -973*o + 204330. Give f(210).
0
Let k(f) = 49*f - 71. Calculate k(5).
174
Let g(n) = -3*n**3 + 96*n**2 + 1121*n + 132. Determine g(-9).
6
Let p(u) = -69*u**3 - 3*u**2 - 2*u + 33. Calculate p(0).
33
Let n(h) = -2*h**2 + 1704*h - 1704. Give n(1).
-2
Let x(o) = o**2 + 535*o + 5307. Calculate x(-10).
57
Let k(c) = c**2 - 56*c + 748. Calculate k(34).
0
Let u(j) = 31*j + 970. Determine u(-26).
164
Let i(t) = -t**3 - 10*t**2 + 21*t + 28. Determine i(-14).
518
Let d(q) = -3*q - 105. What is d(-25)?
-30
Let v(r) = -9*r**2 + 676*r + 30. Give v(75).
105
Let m(r) = -20*r**2 + 16*r + 4. What is m(-2)?
-108
Let g(x) = x**2 - 77*x + 1451. What is g(31)?
25
Let r(x) = -18*x**2 + 103*x + 102. What is r(-1)?
-19
Let u(b) = -b**3 - 43*b**2 + 99*b + 5924. Give u(-42).
2
Let k(w) = -w**2 + 1432*w + 11521. Calculate k(-8).
1
Let p(z) = -12*z - 743. What is p(-80)?
217
Let m(s) = 3*s**3 - 44*s**2 - 15*s + 42. Give m(15).
42
Let b(f) = -11*f - 482. Give b(0).
-482
Let p(j) = 3*j**3 - 8*j**2 + 25*j - 15. Give p(1).
5
Let m(d) = d**2 + 120*d + 3042. Give m(-84).
18
Let z(i) = -2*i**3 + 55*i**2 - 22*i - 88. Calculate z(27).
47
Let d(l) = -79*l + 1267. Give d(16).
3
Let d(m) = 17*m - 99. Calculate d(2).
-65
Let p(a) = -49*a + 333. Calculate p(7).
-10
Let m(t) = -761*t - 29695. Give m(-39).
-16
Let z(r) = -4155*r**2 - 29088*r - 15. Determine z(-7).
6
Let f(i) = 5*i**2 + 116*i - 872. Determine f(-29).
-31
Let p(u) = 4*u**3 + 16*u**2 - 11*u - 6. Determine p(-4).
38
Let c(a) = 5*a**3 - 682*a**2 + 264*a + 1076. Determine c(136).
-12
Let t(v) = -120*v**3 + 2*v**2 - 6*v - 8. Calculate t(-1).
120
Let c(h) = h**2 + 12*h - 90. What is c(-19)?
43
Let r(f) = -5*f**2 - 2*f - 16. Determine r(-6).
-184
Let x(o) = -o**2 + 44*o - 151. Determine x(44).
-151
Let y(s) = s**2 + 61*s - 3286. Calculate y(35).
74
Let s(b) = -97*b - 5. Determine s(0).
-5
Let z(n) = 2*n**3 - 12*n**2 + 79*n - 484. Give z(6).
-10
Let r(w) = 73*w - 333. What is r(8)?
251
Let d(v) = 8*v**2 + 84*v + 10. Determine d(-5).
-210
Let a(p) = 71*p + 12. What is a(-1)?
-59
Let a(g) = 32*g + 1102. Give a(-33).
46
Let u(v) = 2*v**2 + 174*v - 919. Give u(5).
1
Let y(l) = l**3 - l**2 - 7*l + 87. Calculate y(7).
332
Let z(a) = -4*a**3 + 5*a**2 + 27*a + 84. What is z(-5)?
574
Let b(o) = 2*o - 15. Determine b(6).
-3
Let c(r) = 7*r**2 + 215*r - 432. What is c(2)?
26
Let u(h) = -h**3 - 242*h**2 - 447*h + 7919. Give u(-240).
-1
Let p(x) = -4*x**3 - 381*x**2 - 96*x - 135. Determine p(-95).
-40
Let l(v) = -51*v - 424. Determine l(-8).
-16
Let r(g) = -9*g**2 + 622*g - 80. What is r(69)?
-11
Let m(z) = 38*z + 311. What is m(-13)?
-183
Let x(j) = 24*j**2 + 148*j + 3. Calculate x(-6).
-21
Let o(h) = -h**3 - 20*h**2 + 43*h - 17. What is o(-22)?
5
Let o(f) = -74*f**2 - 442*f - 13. Give o(-6).
-25
Let i(b) = b**3 - 12*b**2 - 494*b + 45. Calculate i(29).
16
Let u(m) = -103*m**3 - m**2 + 2*m. Calculate u(1).
-102
Let c(d) = 35*d**2 + 204*d - 203. Calculate c(1).
36
Let d(a) = -5*a**2 + 496*a + 291. What is d(99)?
390
Let x(r) = 16505*r - 16503. Calculate x(1).
2
Let g(n) = 59*n - 593. What is g(20)?
587
Let t(i) = 2*i**3 - 10*i**2 - 50*i + 14. Give t(8).
-2
Let g(n) = 2323*n + 74330. Determine g(-32).
-6
Let k(w) = 36*w - 166. Determine k(5).
14
Let s(p) = 2*p - 6. Determine s(1).
-4
Let g(u) = -13*u**3 - 743*u**2 - 114*u + 15. What is g(-57)?
15
Let a(q) = -q**3 + 60*q**2 + 473*q - 280. Give a(67).
-12
Let n(f) = -110*f**2 - 14*f + 14. Calculate n(1).
-110
Let b(l) = -7436*l + 96652. What is b(13)?
-16
Let r(l) = -79*l + 229. What is r(4)?
-87
Let j(i) = -4*i**3 - 565*i**2 - 141*i - 77. Determine j(-141).
-77
Let m(a) = -2*a**2 - 24*a + 3. What is m(6)?
-213
Let p(r) = 236*r + 405. Calculate p(-2).
-67
Let g(i) = 393*i + 2025. Give g(-7).
-726
Let p(x) = 1141*x + 11417. Determine p(-10).
7
Let i(q) = 3*q**2 - 66*q + 145. Give i(2).
25
Let w(y) = -45*y + 6396. Give w(136).
276
Let t(n) = -n**3 - 4*n**2 + 220*n - 17. Give t(-17).
0
Let n(s) = s**3 - 327*s**2 - 8802*s + 678. Determine n(352).
-26
Let w(s) = -8*s + 48. Determine w(-3).
72
Let h(q) = -24*q**2 - 34*q - 34. Calculate h(-1).
-24
Let s(f) = -650*f - 47456. Calculate s(-73).
-6
Let s(g) = g**2 - 214*g + 10128. What is s(143)?
-25
Let n(f) = 7*f**2 + 8*f - 1. What is n(2)?
43
Let a(i) = -63*i + 8. Determine a(0).
8
Let j(q) = 101*q - 2849. What is j(28)?
-21
Let u(w) = 2*w**2 - 44*w + 36. Determine u(20).
-44
Let n(o) = -o**3 - 6*o**2 + 4*o - 9. Ca